sor of 35 and r?
35
Let i = 5 - -12. Let f = -15 + 83. Suppose 4*k + 4*g - f = 0, -3*k - 4*g + 40 = -11. What is the highest common factor of i and k?
17
Let d(o) = 5*o**2 + o + 45. Let w be d(0). Let i = w - 36. What is the greatest common divisor of 9 and i?
9
Suppose 2*v - 3*y - 20 = 0, -5*y + 2*y = 12. Let q be 18 + (-6)/9*-6. Let u be 3 - 2 - q/4*-2. Calculate the greatest common factor of v and u.
4
Let p = -434 + 463. What is the highest common factor of 87 and p?
29
Suppose -224 = -2*h + 50. Let d = 92 - h. Let l be -3*24/d*15. What is the greatest common divisor of l and 72?
24
Suppose 140*d = 131*d + 7326. What is the greatest common divisor of 66 and d?
22
Suppose -14*t - g = -9*t - 245, -g = -3*t + 139. Calculate the greatest common factor of t and 408.
24
Let n = -27 + 29. Suppose 3*y + 0*y - 83 = n*r, -2*y = 3*r - 51. What is the highest common factor of 216 and y?
27
Suppose 4*x + x + 105 = 5*n, -3*n - 3*x = -33. Suppose 3*u - 36 = 54. Let g be 64/40*(0 + u). What is the greatest common factor of n and g?
16
Suppose a - 4*l = -a + 96, a - 52 = 3*l. Let f be (3 + (-54)/15)*-5. Suppose -100 = 2*o - f*o. Calculate the greatest common divisor of a and o.
20
Suppose -15 = -t - d, 10 = 5*t + 4*d - 70. What is the highest common divisor of t and 1400?
20
Suppose -53 = 5*i - 4*o, 2*o - 40 = 7*i - 3*i. Let h be (-1 - i) + 1*(-2 - -3). What is the greatest common divisor of h and 6?
3
Suppose 5*g + 3 = -3*r + 76, 25 = 2*g - 3*r. Let q be 144/8*(-2 + g/6). What is the greatest common divisor of q and 18?
6
Let a(f) = -f**3 + 26*f**2 + 57*f. Let r be a(28). Calculate the greatest common divisor of 322 and r.
14
Let x = -44 - -101. Let m be 0 - (-1*(-2 - -3) + -1). Let z be (m/8 - 0)/(8/608). What is the highest common factor of z and x?
19
Suppose 4*r = 5*l - 5, -3*l - 5 = -l - 3*r. Calculate the greatest common factor of 15 and l.
5
Suppose -29 = -16*n + 531. What is the highest common divisor of n and 245?
35
Suppose 5*b = 5*p + 210, -65 = 3*b + 4*p - 212. Calculate the greatest common factor of 255 and b.
15
Suppose 2*p = 5*o + 12 - 0, -4 = -o. What is the greatest common factor of p and 496?
16
Let f(l) = 5*l**3 + l**2 + l - 1. Let y be f(1). Let j be 15/y*24/20. What is the highest common factor of 27 and j?
3
Suppose 0 = -0*n + 2*n - 120. Let r be (1170/52)/((-15)/(-10)). Calculate the greatest common divisor of n and r.
15
Let b = 3194 + -2218. Calculate the greatest common divisor of 16 and b.
16
Let q(i) = 2*i - 32. Let g be q(27). What is the highest common factor of 110 and g?
22
Let y = -2664 - -3344. Calculate the highest common divisor of 255 and y.
85
Let x be 4/10 - 1/(20/(-692)). Let m be (-54)/(-4) - 7/(-14). Calculate the highest common factor of m and x.
7
Let b = 14 + -14. Suppose -4*d + d + 60 = b. Let t = d - -34. Calculate the greatest common divisor of 6 and t.
6
Suppose -5*c + 10*c + 20 = 0. Let h be (-9)/(12/c) + 13. What is the highest common divisor of h and 80?
16
Let f = -192 + 197. Suppose -f*v + 59 = -11. Let q = -4 + 11. Calculate the greatest common divisor of q and v.
7
Let v = 2127 - 2114. Calculate the greatest common divisor of 247 and v.
13
Let u = 58 - -22. Let r(b) = 9*b - 16. Let s(w) = -w + 9. Let z be s(5). Let a be r(z). Calculate the greatest common factor of u and a.
20
Suppose 343 = 4*y + 10*m - 9*m, 5*y = -2*m + 431. What is the highest common divisor of 34 and y?
17
Suppose -3*m = 4*d - 1156, 3*m + d = 444 + 709. Calculate the highest common factor of 72 and m.
24
Let r be 423/5 - (-9)/(-15). Calculate the greatest common factor of r and 126.
42
Let j = 309 + -186. Suppose -3*m = -0*m + 4*n - 254, m = -3*n + 88. Calculate the greatest common factor of m and j.
41
Let h(i) = 3*i**2 + i. Let f be h(-1). Suppose 0 = -f*r + r + 38. Suppose -5*b + 42 + r = 0. Calculate the greatest common divisor of b and 176.
16
Suppose y - 4 = 0, -23 = 5*m + 4*y - 349. What is the greatest common divisor of m and 155?
31
Suppose 0 = -15*b + 8*b + 392. Let q be (24/(-10))/2*-5. Let w = 2 + q. What is the highest common divisor of w and b?
8
Let r be (4*9/(-108))/(2/(-60)). What is the greatest common factor of 26 and r?
2
Let m(q) = -4*q**3 - q**2 + q + 1. Let u be m(-1). Let i = -70 + 102. Let h = -17 + i. Calculate the greatest common divisor of h and u.
3
Let b be (4 - (-4)/8*-16) + -36. Let l be (b/(-80))/((-1)/(44/(-1))). Calculate the greatest common divisor of 11 and l.
11
Suppose -29*n = -35*n + 756. Calculate the greatest common factor of 189 and n.
63
Suppose 14 = -2*q - 5*x, -4 = 2*x + 4. Suppose -20 = q*p - 5*p - w, 1 = -p + 5*w. Calculate the highest common factor of 27 and p.
9
Let y be 5/10 + (-12)/(-8). Suppose 10 = y*l - 4. What is the greatest common factor of l and 28?
7
Suppose 2*v - 6 = 2*w - 6*w, 41 = 2*v - 3*w. Calculate the highest common divisor of v and 91.
13
Let f = 182 - 144. What is the highest common divisor of 494 and f?
38
Suppose -5*q = -5*x - 290, -21*q + 25*q = 5*x + 234. Calculate the greatest common factor of q and 256.
8
Suppose -5*o = -3*d - 21 - 5, 4 = 3*o + 4*d. Suppose 4*b + o*w = w + 103, -90 = -5*b + 4*w. Calculate the highest common divisor of b and 242.
22
Suppose -p + 0*p + 927 = 3*q, 1238 = 4*q + 2*p. Let n(c) = 702*c + 28. Let h be n(0). Calculate the greatest common divisor of h and q.
28
Suppose -3*z + 3 = -21. Let o be (z/10)/((-6)/(-1425)). Calculate the highest common divisor of 19 and o.
19
Let i = -19 - -24. Suppose 0 = o, 2*o + 2*o = -i*b + 320. Suppose 26 + b = 5*g. What is the highest common factor of g and 18?
18
Suppose -2*r - 7 = -3*f, -5*r - 1 = -2*f - 0*r. Suppose -f + 18 = -5*h, -4*s + 4*h + 36 = 0. Calculate the greatest common factor of 2 and s.
2
Suppose w = -3*w + y + 343, 0 = -w + 2*y + 77. What is the greatest common factor of 348 and w?
87
Suppose 5*h - 47 - 21 = -l, 4*l = 3*h - 50. What is the highest common factor of 35 and h?
7
Let m = -12 - -30. Calculate the highest common factor of m and 2.
2
Suppose m = 7 - 4. Let z be 133/3 - (-2)/m. Calculate the greatest common factor of z and 9.
9
Suppose 4*r - 279 = 7*r. Let k = 107 + r. What is the greatest common factor of 7 and k?
7
Let y(z) = 19*z**2 - z. Let g be y(1). Let j be 2/(-9)*-3 + (-4)/6. Suppose j = -3*f - 1 - 2, 2*f + 14 = 2*n. Calculate the highest common divisor of n and g.
6
Let p(h) = -10*h - h**2 + 13*h - h**3 - 3*h. Let b be ((-1)/2)/(2/8). Let t be p(b). What is the greatest common factor of t and 32?
4
Suppose -149 - 119 = -5*y + 4*t, 4*y + 2*t = 230. Let f(n) = -n**2 - 13*n - 28. Let o be f(-4). Calculate the greatest common factor of o and y.
8
Let x(z) = z**3 + 12*z**2 + 2*z + 30. Let c be x(-12). Calculate the greatest common factor of 54 and c.
6
Suppose -4*s + 175 = d, -4*d - 7*s = -5*s - 700. What is the highest common divisor of d and 7?
7
Let o(r) = -3*r - 7. Let g be o(-6). Suppose g = -a + 29. Let y = a - 1. What is the greatest common divisor of 17 and y?
17
Let m = 751 + -597. What is the greatest common factor of m and 198?
22
Let x be 9*(1 - (3 - 3)). Let r be ((-3)/x)/(4/60). Let b be 208/10 - 1/r. Calculate the greatest common divisor of 7 and b.
7
Suppose 5*y + 4*j - 919 = 0, -2*y + 2*j = -146 - 236. What is the greatest common divisor of y and 44?
11
Let x(r) = -r**3 + 13*r**2 + 20*r - 35. Let t be x(14). Calculate the highest common divisor of t and 49.
49
Suppose -6*t + 2*t = -2*p - 16, -3*p - 4 = -t. Let c = 11 + t. What is the greatest common divisor of 45 and c?
15
Let l(i) = 50*i - 3. Let y(v) = 6 + 4 - 5 - 4. Let h(r) = l(r) + 2*y(r). Let k be h(1). Calculate the highest common divisor of k and 7.
7
Suppose -3*q + 114 = -3*x, -5*x = 5*q - 2*q - 90. Suppose 38*i - 198 = q*i. What is the highest common divisor of i and 44?
22
Let s(p) be the first derivative of 4 + 1/2*p**2 + 5*p. Let n be s(10). What is the greatest common factor of 15 and n?
15
Suppose -6*s + 12*s - 30 = 0. Let p = -2 + 47. What is the greatest common factor of p and s?
5
Suppose -r = b - 58, -4*b + 5*b + 2*r = 62. Suppose -120 = -3*d - 39. What is the greatest common divisor of d and b?
27
Let q(v) = -13*v + 92. Let i be q(6). Calculate the highest common factor of 112 and i.
14
Suppose 150 + 180 = 3*y. Let k(m) = 4 + m**2 - 2*m - m + 4*m. Let x be k(-3). Calculate the hig